{"id":385,"date":"2014-02-23T17:55:48","date_gmt":"2014-02-23T15:55:48","guid":{"rendered":"http:\/\/www.gv-liederkranz-oetigheim.de\/wp\/?page_id=385"},"modified":"2025-03-20T20:41:50","modified_gmt":"2025-03-20T18:41:50","slug":"gemeindeanzeiger","status":"publish","type":"page","link":"http:\/\/www.gv-liederkranz-oetigheim.de\/?page_id=385","title":{"rendered":"Aktuelles"},"content":{"rendered":"\t\t<div data-elementor-type=\"wp-post\" data-elementor-id=\"385\" class=\"elementor elementor-385\">\n\t\t\t\t\t\t<section class=\"elementor-section elementor-top-section elementor-element elementor-element-3d7ce40 elementor-section-boxed elementor-section-height-default elementor-section-height-default\" data-id=\"3d7ce40\" data-element_type=\"section\">\n\t\t\t\t\t\t<div class=\"elementor-container elementor-column-gap-default\">\n\t\t\t\t\t<div class=\"elementor-column elementor-col-100 elementor-top-column elementor-element elementor-element-4c49e6b\" data-id=\"4c49e6b\" data-element_type=\"column\">\n\t\t\t<div class=\"elementor-widget-wrap elementor-element-populated\">\n\t\t\t\t\t\t<div class=\"elementor-element elementor-element-d424970 elementor-widget elementor-widget-image\" data-id=\"d424970\" data-element_type=\"widget\" data-widget_type=\"image.default\">\n\t\t\t\t<div class=\"elementor-widget-container\">\n\t\t\t\t\t\t\t\t\t\t\t\t\t\t\t<img fetchpriority=\"high\" decoding=\"async\" width=\"720\" height=\"464\" src=\"http:\/\/www.gv-liederkranz-oetigheim.de\/wp-content\/uploads\/2025\/03\/Zeitung_2025-03-768x495.jpg\" class=\"attachment-medium_large size-medium_large wp-image-3465\" alt=\"\" srcset=\"http:\/\/www.gv-liederkranz-oetigheim.de\/wp-content\/uploads\/2025\/03\/Zeitung_2025-03-768x495.jpg 768w, http:\/\/www.gv-liederkranz-oetigheim.de\/wp-content\/uploads\/2025\/03\/Zeitung_2025-03-300x193.jpg 300w, http:\/\/www.gv-liederkranz-oetigheim.de\/wp-content\/uploads\/2025\/03\/Zeitung_2025-03-1024x660.jpg 1024w, http:\/\/www.gv-liederkranz-oetigheim.de\/wp-content\/uploads\/2025\/03\/Zeitung_2025-03.jpg 1369w\" sizes=\"(max-width: 720px) 100vw, 720px\" \/>\t\t\t\t\t\t\t\t\t\t\t\t\t\t\t<\/div>\n\t\t\t\t<\/div>\n\t\t\t\t\t<\/div>\n\t\t<\/div>\n\t\t\t\t\t<\/div>\n\t\t<\/section>\n\t\t\t\t<section class=\"elementor-section elementor-top-section elementor-element elementor-element-c93a82d elementor-section-boxed elementor-section-height-default elementor-section-height-default\" data-id=\"c93a82d\" data-element_type=\"section\">\n\t\t\t\t\t\t<div class=\"elementor-container elementor-column-gap-default\">\n\t\t\t\t\t<div class=\"elementor-column elementor-col-100 elementor-top-column elementor-element elementor-element-d3ba840\" data-id=\"d3ba840\" data-element_type=\"column\">\n\t\t\t<div class=\"elementor-widget-wrap elementor-element-populated\">\n\t\t\t\t\t\t<div class=\"elementor-element elementor-element-a184fae elementor-widget elementor-widget-text-editor\" data-id=\"a184fae\" data-element_type=\"widget\" data-widget_type=\"text-editor.default\">\n\t\t\t\t<div class=\"elementor-widget-container\">\n\t\t\t\t\t\t\t\t\t<p>\u00a0<\/p><table class=\" aligncenter\" style=\"width: 100%;border-collapse: collapse\"><tbody><tr><td style=\"width: 50%;text-align: left;vertical-align: top\"><p><a href=\"http:\/\/www.gv-liederkranz-oetigheim.de\/wp-content\/uploads\/2025\/03\/Poster-Good-Vibrations-V2.jpg\"><img decoding=\"async\" class=\"wp-image-3455 aligncenter\" src=\"http:\/\/www.gv-liederkranz-oetigheim.de\/wp-content\/uploads\/2025\/03\/Poster-Good-Vibrations-V2.jpg\" alt=\"\" width=\"800\" height=\"1138\" srcset=\"http:\/\/www.gv-liederkranz-oetigheim.de\/wp-content\/uploads\/2025\/03\/Poster-Good-Vibrations-V2.jpg 630w, http:\/\/www.gv-liederkranz-oetigheim.de\/wp-content\/uploads\/2025\/03\/Poster-Good-Vibrations-V2-211x300.jpg 211w\" sizes=\"(max-width: 800px) 100vw, 800px\" \/><\/a><\/p><\/td><td style=\"width: 5%\">\u00a0<\/td><td style=\"width: 45%;text-align: left;vertical-align: top\"><p><strong>\u201eGood Vibrations\u201c l\u00e4dt ein!<\/strong><\/p><p><strong>Werde Teil unseres n\u00e4chsten Chorprojekts: <\/strong><\/p><p><strong>Shakespeare meets Rock!<\/strong><\/p><p>Jeder hat sie. Sie ist einzigartig und unverwechselbar. M\u00f6chtest Du \u201cDeine Stimme\u201d in unsere Gemeinschaft einbringen? Dann haben wir genau das richtige f\u00fcr Dich.<\/p><p>Unser moderner Chor sucht Verst\u00e4rkung und l\u00e4dt alle Interessierten herzlich zu einer offenen Chorprobe ein.<\/p><p>Wann? 29.03.2025 um 10 Uhr<\/p><p>Wo? Alte Schule Kirchstr. 3 in \u00d6tigheim<\/p><p>Raum 3\/4 im 1. OG.<\/p><p>Eine kleine Kostprobe von uns erh\u00e4ltst Du bereits am 15.03.2025 um 10 Uhr beim Edeka in Steinmauern, um 11 Uhr in Bietigheim beim Edeka und um 12 Uhr beim Penny Markt in \u00d6tigheim.<\/p><p>Unser Repertoire umfasst eine spannende Mischung aus Rock- und Popmusik aber auch gerne mal Klassik, Jazz oder gef\u00fchlvolle Balladen.<\/p><p>Egal, ob du ein erfahrener S\u00e4nger oder ein Anf\u00e4nger bist \u2013 bei uns ist jeder willkommen!<\/p><p>Lass den Alltag hinter Dir und erlebe, wieviel Spa\u00df es macht im Chor zu singen. Komm vorbei und entdecke \u201cDeine Stimme\u201d mit uns in einer angenehmen Atmosph\u00e4re.<\/p><p>Wir von \u201eGood Vibrations\u201c freuen uns darauf Dich kennenzulernen und gemeinsam mit Dir zu singen!<\/p><p>Weitere Informationen unter<\/p><p>(07222) 22772 oder unter<\/p><p><a href=\"http:\/\/www.gv-liderkranz-oetigheim.de\">www.gv-liederkranz-oetigheim.de<\/a> oder<\/p><p>Instagram\/facebook: goodvibrationsoetigheim<\/p><\/td><\/tr><\/tbody><\/table>\t\t\t\t\t\t\t\t<\/div>\n\t\t\t\t<\/div>\n\t\t\t\t\t<\/div>\n\t\t<\/div>\n\t\t\t\t\t<\/div>\n\t\t<\/section>\n\t\t\t\t<\/div>\n\t\t","protected":false},"excerpt":{"rendered":"<p>\u00a0 \u00a0 \u201eGood Vibrations\u201c l\u00e4dt ein! Werde Teil unseres n\u00e4chsten Chorprojekts: Shakespeare meets Rock! Jeder hat sie. Sie ist einzigartig und unverwechselbar. M\u00f6chtest Du \u201cDeine Stimme\u201d in unsere Gemeinschaft einbringen? Dann haben wir genau das richtige f\u00fcr Dich. Unser moderner Chor sucht Verst\u00e4rkung und l\u00e4dt alle Interessierten herzlich zu einer offenen Chorprobe ein. Wann? 29.03.2025 [&hellip;]<\/p>\n","protected":false},"author":2,"featured_media":3155,"parent":0,"menu_order":11,"comment_status":"closed","ping_status":"closed","template":"","meta":{"footnotes":""},"class_list":["post-385","page","type-page","status-publish","has-post-thumbnail","hentry","post","post-with-thumbnail","post-with-thumbnail-large"],"_links":{"self":[{"href":"http:\/\/www.gv-liederkranz-oetigheim.de\/index.php?rest_route=\/wp\/v2\/pages\/385","targetHints":{"allow":["GET"]}}],"collection":[{"href":"http:\/\/www.gv-liederkranz-oetigheim.de\/index.php?rest_route=\/wp\/v2\/pages"}],"about":[{"href":"http:\/\/www.gv-liederkranz-oetigheim.de\/index.php?rest_route=\/wp\/v2\/types\/page"}],"author":[{"embeddable":true,"href":"http:\/\/www.gv-liederkranz-oetigheim.de\/index.php?rest_route=\/wp\/v2\/users\/2"}],"replies":[{"embeddable":true,"href":"http:\/\/www.gv-liederkranz-oetigheim.de\/index.php?rest_route=%2Fwp%2Fv2%2Fcomments&post=385"}],"version-history":[{"count":15,"href":"http:\/\/www.gv-liederkranz-oetigheim.de\/index.php?rest_route=\/wp\/v2\/pages\/385\/revisions"}],"predecessor-version":[{"id":3470,"href":"http:\/\/www.gv-liederkranz-oetigheim.de\/index.php?rest_route=\/wp\/v2\/pages\/385\/revisions\/3470"}],"wp:featuredmedia":[{"embeddable":true,"href":"http:\/\/www.gv-liederkranz-oetigheim.de\/index.php?rest_route=\/wp\/v2\/media\/3155"}],"wp:attachment":[{"href":"http:\/\/www.gv-liederkranz-oetigheim.de\/index.php?rest_route=%2Fwp%2Fv2%2Fmedia&parent=385"}],"curies":[{"name":"wp","href":"https:\/\/api.w.org\/{rel}","templated":true}]}}