{"id":2754,"date":"2019-11-20T13:57:23","date_gmt":"2019-11-20T11:57:23","guid":{"rendered":"http:\/\/www.gv-liederkranz-oetigheim.de\/?page_id=2754"},"modified":"2020-01-31T13:46:23","modified_gmt":"2020-01-31T11:46:23","slug":"froehliches-konzert-endete-jaeh","status":"publish","type":"page","link":"http:\/\/www.gv-liederkranz-oetigheim.de\/?page_id=2754","title":{"rendered":"Fr\u00f6hliches Konzert endete j\u00e4h"},"content":{"rendered":"<p><strong><img fetchpriority=\"high\" decoding=\"async\" class=\"alignleft size-large wp-image-2747\" src=\"http:\/\/www.gv-liederkranz-oetigheim.de\/wp-content\/uploads\/2019\/11\/20191112-1024x683.jpg\" alt=\"\" width=\"720\" height=\"480\" srcset=\"http:\/\/www.gv-liederkranz-oetigheim.de\/wp-content\/uploads\/2019\/11\/20191112-1024x683.jpg 1024w, http:\/\/www.gv-liederkranz-oetigheim.de\/wp-content\/uploads\/2019\/11\/20191112-300x200.jpg 300w, http:\/\/www.gv-liederkranz-oetigheim.de\/wp-content\/uploads\/2019\/11\/20191112-768x512.jpg 768w, http:\/\/www.gv-liederkranz-oetigheim.de\/wp-content\/uploads\/2019\/11\/20191112-272x182.jpg 272w, http:\/\/www.gv-liederkranz-oetigheim.de\/wp-content\/uploads\/2019\/11\/20191112.jpg 1512w\" sizes=\"(max-width: 720px) 100vw, 720px\" \/><\/strong><\/p>\n<p>Am Samstag, 9. November begann das Konzert des GV Liederkranz in der ausverkauften Mehrzweckhalle vor erwartungsvollem und gespanntem Publikum. Der M\u00e4nnerchor betrat singend mit dem von Theo Wild passend umgedichteten St\u00fcck \u201eCabaret\u201c die B\u00fchne. Als danach der Chor \u201eEs gr\u00fcnt so gr\u00fcn\u201c aus \u201eMy fair Lady\u201c anstimmte, erlitt ein S\u00e4nger ein ernsthaftes gesundheitliche Problem und musste noch auf der B\u00fchne notfall\u00e4rztlich behandelt werden.<br \/>\nDer Sprecher des Pr\u00e4sidiums, Kurt Rastetter sah sich daraufhin gezwungen, das Konzert abzubrechen, was auf das volle Verst\u00e4ndnis des Publikums traf. Jeder war in dieser Situation stark betroffen, an ein Weitersingen und -spielen war nicht mehr zu denken.<br \/>\nDas Konzert wird zeitnah neu angesetzt. Die Verantwortlichen suchen bereits nach einem neuen Termin und versuchen diesen Termin mit allen Beteiligten abzustimmen. Die Eintrittskarten behalten ihre G\u00fcltigkeit. Wem es allerdings nicht m\u00f6glich ist, den neuen Termin wahrzunehmen, ist aufgerufen, die Eintrittskarte auf jeden Fall zur\u00fcckzugeben. Der Eintrittspreis wird erstattet.<br \/>\nDas Wichtigste ist jedoch, dass es dem betroffenen S\u00e4nger bereits etwas besser geht und er hoffentlich bald wieder das Krankenhaus verlassen kann.<\/p>\n<p>Der GV Liederkranz bedankt sich bei allen anwesenden Konzertbesuchern, aber auch bei allen Beteiligten f\u00fcr ihr gro\u00dfes Verst\u00e4ndnis.<\/p>\n<p>Bedanken m\u00f6chten wir uns auch bei allen Helferinnen und Helfern, f\u00fcr den Auf- und Abbau, die Herrichtung der Halle, die Vorbereitung f\u00fcr die Pausen-H\u00e4ppchen und, und und \u2026. Ohne diese vielf\u00e4ltige Hilfe w\u00e4re ein Konzert nicht m\u00f6glich. Gleichzeitig bitten wir jedoch alle bei der Stange zu bleiben und auch beim Ersatztermin wieder zur Verf\u00fcgung zu stehen.<\/p>\n","protected":false},"excerpt":{"rendered":"<p>Am Samstag, 9. November begann das Konzert des GV Liederkranz in der ausverkauften Mehrzweckhalle vor erwartungsvollem und gespanntem Publikum. Der M\u00e4nnerchor betrat singend mit dem von Theo Wild passend umgedichteten St\u00fcck \u201eCabaret\u201c die B\u00fchne. Als danach der Chor \u201eEs gr\u00fcnt so gr\u00fcn\u201c aus \u201eMy fair Lady\u201c anstimmte, erlitt ein S\u00e4nger ein ernsthaftes gesundheitliche Problem und [&hellip;]<\/p>\n","protected":false},"author":3,"featured_media":0,"parent":2920,"menu_order":11,"comment_status":"closed","ping_status":"closed","template":"","meta":{"footnotes":""},"class_list":["post-2754","page","type-page","status-publish","hentry","post"],"_links":{"self":[{"href":"http:\/\/www.gv-liederkranz-oetigheim.de\/index.php?rest_route=\/wp\/v2\/pages\/2754","targetHints":{"allow":["GET"]}}],"collection":[{"href":"http:\/\/www.gv-liederkranz-oetigheim.de\/index.php?rest_route=\/wp\/v2\/pages"}],"about":[{"href":"http:\/\/www.gv-liederkranz-oetigheim.de\/index.php?rest_route=\/wp\/v2\/types\/page"}],"author":[{"embeddable":true,"href":"http:\/\/www.gv-liederkranz-oetigheim.de\/index.php?rest_route=\/wp\/v2\/users\/3"}],"replies":[{"embeddable":true,"href":"http:\/\/www.gv-liederkranz-oetigheim.de\/index.php?rest_route=%2Fwp%2Fv2%2Fcomments&post=2754"}],"version-history":[{"count":0,"href":"http:\/\/www.gv-liederkranz-oetigheim.de\/index.php?rest_route=\/wp\/v2\/pages\/2754\/revisions"}],"up":[{"embeddable":true,"href":"http:\/\/www.gv-liederkranz-oetigheim.de\/index.php?rest_route=\/wp\/v2\/pages\/2920"}],"wp:attachment":[{"href":"http:\/\/www.gv-liederkranz-oetigheim.de\/index.php?rest_route=%2Fwp%2Fv2%2Fmedia&parent=2754"}],"curies":[{"name":"wp","href":"https:\/\/api.w.org\/{rel}","templated":true}]}}