{"id":2335,"date":"2019-09-10T10:48:03","date_gmt":"2019-09-10T08:48:03","guid":{"rendered":"http:\/\/www.gv-liederkranz-oetigheim.de\/?page_id=2335"},"modified":"2020-01-31T13:43:12","modified_gmt":"2020-01-31T11:43:12","slug":"liederkranz-senioren-auf-tour-2","status":"publish","type":"page","link":"http:\/\/www.gv-liederkranz-oetigheim.de\/?page_id=2335","title":{"rendered":"Liederkranz-Senioren auf Tour"},"content":{"rendered":"\n<p><\/p>\n\n\n\n<div class=\"wp-block-image\"><figure class=\"alignleft\"><img fetchpriority=\"high\" decoding=\"async\" width=\"1024\" height=\"768\" src=\"http:\/\/www.gv-liederkranz-oetigheim.de\/wp-content\/uploads\/2019\/08\/20190813-1024x768.jpg\" alt=\"\" class=\"wp-image-2298\" srcset=\"http:\/\/www.gv-liederkranz-oetigheim.de\/wp-content\/uploads\/2019\/08\/20190813-1024x768.jpg 1024w, http:\/\/www.gv-liederkranz-oetigheim.de\/wp-content\/uploads\/2019\/08\/20190813-300x225.jpg 300w, http:\/\/www.gv-liederkranz-oetigheim.de\/wp-content\/uploads\/2019\/08\/20190813-768x576.jpg 768w, http:\/\/www.gv-liederkranz-oetigheim.de\/wp-content\/uploads\/2019\/08\/20190813.jpg 1530w\" sizes=\"(max-width: 1024px) 100vw, 1024px\" \/><\/figure><\/div>\n\n\n\n<p>Die BUGA, die Bundesgartenschau, findet in diesem Jahr in Heilbronn statt. Heilbronn liegt im Norden von Baden-W\u00fcrttemberg, hat 126.000 Einwohner, und ist wegen seiner ausgedehnten Rebfl\u00e4chen auch als Stadt des Weins bekannt. Die geographische N\u00e4he zu dieser Stadt von nur 115 Kilometer hat uns veranlasst, dieses gartenbautechnische Highlight zu besuchen.<\/p>\n\n\n\n<p>So fuhren wir am Freitag, 9. August, mit einem Bus der Firma Euro Tours \u00fcber die Autobahnen A5 und A6 nach Heilbronn. Direkt am Neckar, auf einer Gewerbebrache, ist diese Gartenschau in langj\u00e4hriger Arbeit aufgebaut worden. Auf dem Fluss ist ein Pendelverkehr mit einem Schiff-Shuttle eingerichtet, der die Besucher entlang des Gel\u00e4ndes bringt.<\/p>\n\n\n\n<div class=\"wp-block-image\"><figure class=\"alignleft\"><img decoding=\"async\" width=\"1024\" height=\"768\" src=\"http:\/\/www.gv-liederkranz-oetigheim.de\/wp-content\/uploads\/2019\/08\/20190813-1-1024x768.jpg\" alt=\"\" class=\"wp-image-2299\" srcset=\"http:\/\/www.gv-liederkranz-oetigheim.de\/wp-content\/uploads\/2019\/08\/20190813-1-1024x768.jpg 1024w, http:\/\/www.gv-liederkranz-oetigheim.de\/wp-content\/uploads\/2019\/08\/20190813-1-300x225.jpg 300w, http:\/\/www.gv-liederkranz-oetigheim.de\/wp-content\/uploads\/2019\/08\/20190813-1-768x576.jpg 768w, http:\/\/www.gv-liederkranz-oetigheim.de\/wp-content\/uploads\/2019\/08\/20190813-1.jpg 1528w\" sizes=\"(max-width: 1024px) 100vw, 1024px\" \/><\/figure><\/div>\n\n\n\n<p>Unter dem Motto \u201eBl\u00fchendes Leben\u201c zeigt diese Gartenschau eine Vielfalt inspirierender Blumen- und Pflanzenwelten. Auch Obstbaumanlagen, Reben und Trends bei Gem\u00fcseg\u00e4rten werden aufgezeigt. In den Hallen sind Blumenarrangements und moderne Kunst zu bewundern. Auch gibt es auf dem Gel\u00e4nde Informationsveranstaltungen und in den Abendstunden wird vielf\u00e4ltige Unterhaltung geboten.<br>F\u00fcr das leibliche Wohl ist auch bestens gesorgt: So gibt es an vielen Imbissst\u00e4nden und in Gastr\u00e4umen ein vielf\u00e4ltiges Speise- und Getr\u00e4nkeangebot. Unsere Senioren waren von der Farbenpracht und Gestaltung dieser Gartenschau begeistert \u2013 Heilbronn war eine Reise wert.<\/p>\n","protected":false},"excerpt":{"rendered":"<p>Die BUGA, die Bundesgartenschau, findet in diesem Jahr in Heilbronn statt. Heilbronn liegt im Norden von Baden-W\u00fcrttemberg, hat 126.000 Einwohner, und ist wegen seiner ausgedehnten Rebfl\u00e4chen auch als Stadt des Weins bekannt. Die geographische N\u00e4he zu dieser Stadt von nur 115 Kilometer hat uns veranlasst, dieses gartenbautechnische Highlight zu besuchen. So fuhren wir am Freitag, [&hellip;]<\/p>\n","protected":false},"author":3,"featured_media":0,"parent":2920,"menu_order":8,"comment_status":"closed","ping_status":"closed","template":"","meta":{"footnotes":""},"class_list":["post-2335","page","type-page","status-publish","hentry","post"],"_links":{"self":[{"href":"http:\/\/www.gv-liederkranz-oetigheim.de\/index.php?rest_route=\/wp\/v2\/pages\/2335","targetHints":{"allow":["GET"]}}],"collection":[{"href":"http:\/\/www.gv-liederkranz-oetigheim.de\/index.php?rest_route=\/wp\/v2\/pages"}],"about":[{"href":"http:\/\/www.gv-liederkranz-oetigheim.de\/index.php?rest_route=\/wp\/v2\/types\/page"}],"author":[{"embeddable":true,"href":"http:\/\/www.gv-liederkranz-oetigheim.de\/index.php?rest_route=\/wp\/v2\/users\/3"}],"replies":[{"embeddable":true,"href":"http:\/\/www.gv-liederkranz-oetigheim.de\/index.php?rest_route=%2Fwp%2Fv2%2Fcomments&post=2335"}],"version-history":[{"count":0,"href":"http:\/\/www.gv-liederkranz-oetigheim.de\/index.php?rest_route=\/wp\/v2\/pages\/2335\/revisions"}],"up":[{"embeddable":true,"href":"http:\/\/www.gv-liederkranz-oetigheim.de\/index.php?rest_route=\/wp\/v2\/pages\/2920"}],"wp:attachment":[{"href":"http:\/\/www.gv-liederkranz-oetigheim.de\/index.php?rest_route=%2Fwp%2Fv2%2Fmedia&parent=2335"}],"curies":[{"name":"wp","href":"https:\/\/api.w.org\/{rel}","templated":true}]}}