{"id":2269,"date":"2019-05-27T12:03:51","date_gmt":"2019-05-27T10:03:51","guid":{"rendered":"http:\/\/www.gv-liederkranz-oetigheim.de\/?page_id=2269"},"modified":"2020-01-31T13:37:46","modified_gmt":"2020-01-31T11:37:46","slug":"maennerchor-beim-pfarrfest","status":"publish","type":"page","link":"http:\/\/www.gv-liederkranz-oetigheim.de\/?page_id=2269","title":{"rendered":"M\u00e4nnerchor beim Pfarrfest"},"content":{"rendered":"<p>Zum traditionellen Pfarrfest hatte die Pfarrgemeinde St. Michael am vergangenen Sonntag, 19. Mai, eingeladen. Das Fest wurde mit einem Familiengottesdienst in der Pfarrkirche er\u00f6ffnet. Anschlie\u00dfend ging es in den Pfarrgarten, bzw. ins Geschwister-Scholl-Haus. Dort war schon alles f\u00fcr das leibliche Wohl vorbereitet war.<\/p>\n<p><img fetchpriority=\"high\" decoding=\"async\" class=\"alignleft size-large wp-image-2267\" src=\"http:\/\/www.gv-liederkranz-oetigheim.de\/wp-content\/uploads\/2019\/05\/20190523-1-1024x768.jpg\" alt=\"\" width=\"640\" height=\"480\" srcset=\"http:\/\/www.gv-liederkranz-oetigheim.de\/wp-content\/uploads\/2019\/05\/20190523-1-1024x768.jpg 1024w, http:\/\/www.gv-liederkranz-oetigheim.de\/wp-content\/uploads\/2019\/05\/20190523-1-300x225.jpg 300w, http:\/\/www.gv-liederkranz-oetigheim.de\/wp-content\/uploads\/2019\/05\/20190523-1-768x576.jpg 768w, http:\/\/www.gv-liederkranz-oetigheim.de\/wp-content\/uploads\/2019\/05\/20190523-1.jpg 1521w\" sizes=\"(max-width: 640px) 100vw, 640px\" \/><\/p>\n<p>Auch f\u00fcr Unterhaltung war bestens gesorgt: So unterhielt u. a. der M\u00e4nnerchor die G\u00e4ste mit Liedvortr\u00e4gen aus seinem umfangreichen Repertoire. Neben dem, an diesem Tag \u00a0passenden \u201eMorgenrot\u201c von R. Pracht, der serbischen Volksweise \u201eWenn es Tag wird in den Bergen\u201c und dem Volkslied aus Dalmatien \u201eKad si bila mala, mare\u201c brachten wir noch das Lied \u201eMit \u2019nem kleinen St\u00fcckchen Gl\u00fcck\u201c aus dem Musical \u201eMy Fair Lady\u201c zum Vortag.<\/p>\n","protected":false},"excerpt":{"rendered":"<p>Zum traditionellen Pfarrfest hatte die Pfarrgemeinde St. Michael am vergangenen Sonntag, 19. Mai, eingeladen. Das Fest wurde mit einem Familiengottesdienst in der Pfarrkirche er\u00f6ffnet. Anschlie\u00dfend ging es in den Pfarrgarten, bzw. ins Geschwister-Scholl-Haus. Dort war schon alles f\u00fcr das leibliche Wohl vorbereitet war. Auch f\u00fcr Unterhaltung war bestens gesorgt: So unterhielt u. a. der M\u00e4nnerchor [&hellip;]<\/p>\n","protected":false},"author":3,"featured_media":0,"parent":2920,"menu_order":5,"comment_status":"closed","ping_status":"closed","template":"","meta":{"footnotes":""},"class_list":["post-2269","page","type-page","status-publish","hentry","post"],"_links":{"self":[{"href":"http:\/\/www.gv-liederkranz-oetigheim.de\/index.php?rest_route=\/wp\/v2\/pages\/2269","targetHints":{"allow":["GET"]}}],"collection":[{"href":"http:\/\/www.gv-liederkranz-oetigheim.de\/index.php?rest_route=\/wp\/v2\/pages"}],"about":[{"href":"http:\/\/www.gv-liederkranz-oetigheim.de\/index.php?rest_route=\/wp\/v2\/types\/page"}],"author":[{"embeddable":true,"href":"http:\/\/www.gv-liederkranz-oetigheim.de\/index.php?rest_route=\/wp\/v2\/users\/3"}],"replies":[{"embeddable":true,"href":"http:\/\/www.gv-liederkranz-oetigheim.de\/index.php?rest_route=%2Fwp%2Fv2%2Fcomments&post=2269"}],"version-history":[{"count":0,"href":"http:\/\/www.gv-liederkranz-oetigheim.de\/index.php?rest_route=\/wp\/v2\/pages\/2269\/revisions"}],"up":[{"embeddable":true,"href":"http:\/\/www.gv-liederkranz-oetigheim.de\/index.php?rest_route=\/wp\/v2\/pages\/2920"}],"wp:attachment":[{"href":"http:\/\/www.gv-liederkranz-oetigheim.de\/index.php?rest_route=%2Fwp%2Fv2%2Fmedia&parent=2269"}],"curies":[{"name":"wp","href":"https:\/\/api.w.org\/{rel}","templated":true}]}}