{"id":2125,"date":"2018-06-07T13:56:18","date_gmt":"2018-06-07T11:56:18","guid":{"rendered":"http:\/\/www.gv-liederkranz-oetigheim.de\/?page_id=2125"},"modified":"2018-06-07T13:56:18","modified_gmt":"2018-06-07T11:56:18","slug":"trauung-von-betina-heitz-und-thomas-kraft","status":"publish","type":"page","link":"http:\/\/www.gv-liederkranz-oetigheim.de\/?page_id=2125","title":{"rendered":"Trauung von Betina Heitz und Thomas Kraft"},"content":{"rendered":"<p><img fetchpriority=\"high\" decoding=\"async\" class=\"alignleft size-full wp-image-2121\" src=\"http:\/\/www.gv-liederkranz-oetigheim.de\/wp-content\/uploads\/2018\/06\/Hochzeit.jpg\" alt=\"\" width=\"669\" height=\"446\" srcset=\"http:\/\/www.gv-liederkranz-oetigheim.de\/wp-content\/uploads\/2018\/06\/Hochzeit.jpg 669w, http:\/\/www.gv-liederkranz-oetigheim.de\/wp-content\/uploads\/2018\/06\/Hochzeit-300x200.jpg 300w\" sizes=\"(max-width: 669px) 100vw, 669px\" \/><\/p>\n<p>Good Vibrations gratulierte am Freitag, 01. Juni seiner S\u00e4ngerin Betina und ihrem Thomas mit einem kleinen St\u00e4ndchen nach dem standesamtlichen \u201eJa\u201c-Wort. Mit \u201eYou raise me up\u201c, dem Song \u201eYou\u2019ve got a friend\u201c und dem rhythmischen Hit \u201eBarbar\u2018 Ann\u201c w\u00fcnschten die S\u00e4ngerinnen und S\u00e4nger dem Paar eine gl\u00fcckliche Zukunft. F\u00fcr den GV Liederkranz sprach das Pr\u00e4sidiums-Mitglied Hans-Georg Wittmann Gl\u00fcckw\u00fcnsche aus.<\/p>\n","protected":false},"excerpt":{"rendered":"<p>Good Vibrations gratulierte am Freitag, 01. Juni seiner S\u00e4ngerin Betina und ihrem Thomas mit einem kleinen St\u00e4ndchen nach dem standesamtlichen \u201eJa\u201c-Wort. Mit \u201eYou raise me up\u201c, dem Song \u201eYou\u2019ve got a friend\u201c und dem rhythmischen Hit \u201eBarbar\u2018 Ann\u201c w\u00fcnschten die S\u00e4ngerinnen und S\u00e4nger dem Paar eine gl\u00fcckliche Zukunft. F\u00fcr den GV Liederkranz sprach das Pr\u00e4sidiums-Mitglied [&hellip;]<\/p>\n","protected":false},"author":3,"featured_media":0,"parent":2028,"menu_order":9,"comment_status":"closed","ping_status":"closed","template":"","meta":{"footnotes":""},"class_list":["post-2125","page","type-page","status-publish","hentry","post"],"_links":{"self":[{"href":"http:\/\/www.gv-liederkranz-oetigheim.de\/index.php?rest_route=\/wp\/v2\/pages\/2125","targetHints":{"allow":["GET"]}}],"collection":[{"href":"http:\/\/www.gv-liederkranz-oetigheim.de\/index.php?rest_route=\/wp\/v2\/pages"}],"about":[{"href":"http:\/\/www.gv-liederkranz-oetigheim.de\/index.php?rest_route=\/wp\/v2\/types\/page"}],"author":[{"embeddable":true,"href":"http:\/\/www.gv-liederkranz-oetigheim.de\/index.php?rest_route=\/wp\/v2\/users\/3"}],"replies":[{"embeddable":true,"href":"http:\/\/www.gv-liederkranz-oetigheim.de\/index.php?rest_route=%2Fwp%2Fv2%2Fcomments&post=2125"}],"version-history":[{"count":0,"href":"http:\/\/www.gv-liederkranz-oetigheim.de\/index.php?rest_route=\/wp\/v2\/pages\/2125\/revisions"}],"up":[{"embeddable":true,"href":"http:\/\/www.gv-liederkranz-oetigheim.de\/index.php?rest_route=\/wp\/v2\/pages\/2028"}],"wp:attachment":[{"href":"http:\/\/www.gv-liederkranz-oetigheim.de\/index.php?rest_route=%2Fwp%2Fv2%2Fmedia&parent=2125"}],"curies":[{"name":"wp","href":"https:\/\/api.w.org\/{rel}","templated":true}]}}