{"id":2111,"date":"2018-05-15T10:22:41","date_gmt":"2018-05-15T08:22:41","guid":{"rendered":"http:\/\/www.gv-liederkranz-oetigheim.de\/?page_id=2111"},"modified":"2018-05-15T10:22:41","modified_gmt":"2018-05-15T08:22:41","slug":"konzert-des-maennerchors-unter-dem-motto-sonne-und-mond","status":"publish","type":"page","link":"http:\/\/www.gv-liederkranz-oetigheim.de\/?page_id=2111","title":{"rendered":"Konzert des M\u00e4nnerchors unter dem Motto \u201eSonne und Mond\u201c"},"content":{"rendered":"<p>Dass sich zwei M\u00e4nnerch\u00f6re mit rund 50 S\u00e4ngern auf einer B\u00fchne zu einem \u201em\u00e4chtigen Klangk\u00f6rper\u201c vereinen, hat heutzutage schon einen gewissen Seltenheitswert und bedarf meist eines besonderen Anlasses. Der Anlass f\u00fcr das gelungene und abwechslungsreiche Chorkonzert, das am Samstagabend auf Einladung des Gesangvereins Liederkranz \u00d6tigheim 1899 in der voll besetzten Mehrzweckhalle die Menschen begeisterte, war die Premiere, die der musikalische Gesamtleiter Matthias Hammerschmitt dort feiern durfte. Der Dirigent, der sowohl den M\u00e4nnerchor des \u00d6tigheimer Liederkranzes als auch den M\u00e4nnerchor des Gesangvereins Busenbach leitet, meisterte das erste gemeinsame Konzert der beiden Ch\u00f6re mit \u00fcberw\u00e4ltigendem Erfolg. Abgesehen davon zeigte der Mann am schwarzen Klavier vollen K\u00f6rpereinsatz. Als gro\u00dfe Bereicherung der zweieinhalbst\u00fcndigen Veranstaltung erwiesen sich die beiden Solisten Jay Alexander (Tenor) und Friedemann R\u00f6hlig (Bass), die sich spontan dazu bereiterkl\u00e4rt hatten, am \u201eOst-Konzert\u201c mitzuwirken. Unter dem Titel \u201eSonne und Mond\u201c erlebten rund 300 Zuh\u00f6rer ein von Ulrike We\u00dfbecher mit Charme, Esprit und Poesie moderiertes Konzert mit hervorragend ausgew\u00e4hlten Perlen der Chor- und Volkslied-Literatur aus Osteuropa, das keine W\u00fcnsche offen lie\u00df. Die S\u00e4nger, hinter denen zum Programm passende Bilder auf einer Videowand zu sehen waren, standen nicht auf der Mehrzweckhallen-B\u00fchne, sondern auf einem Podest vor der B\u00fchne und waren somit viel n\u00e4her dran am Publikum. Sie \u00fcberzeugten durch Pr\u00e4zision, Textverst\u00e4ndlichkeit, saubere Intonation und Gef\u00fchl.<br \/>\nNachdem Liederkranz-Pr\u00e4sidiumssprecher Kurt Rastetter die G\u00e4ste begr\u00fc\u00dft hatte, standen im ersten Teil romantische Lieder von Janacek, Smetana, Dvorak und Mussorgski auf dem Programm. Die Ch\u00f6re starteten schwungvoll mit Smetanas \u201eMusik\u201c, lie\u00dfen Mussorgskys \u201eSonne und Mond\u201c und Janceks \u201eDie wahre Liebe\u201c folgen. Die Busenbacher servierten ein \u201eKr\u00e4nzlein aus Majoran\u201c aus Dvoraks f\u00fcnf Liedern f\u00fcr M\u00e4nnerchor. Hinrei\u00dfend, mit strahlend klarer Tenorstimme sang Jay Alexander die Arie des Lenski aus Tschaikowskis Oper \u201eEugen Onegin\u201c, bevor Friedemann R\u00f6hlig auf Russisch, mit kraftvollem, vollt\u00f6nendem Bass aus derselben Oper die Arie des Gremin schmetterte und Alexander mit der Lehar-Arie des Zarewitsch (Wolgalied) verzauberte. Mit zwei Liebesliedern und einem lustigen \u201eSpatz und Eule\u201c von Dvorak ging\u2019s in die Pause, aus der die S\u00e4nger mit dem aus voller Brust geschmetterten \u201eBierchor\u201c aus Smetanas Oper \u201eDie verkaufte Braut\u201c zur\u00fcckkehrten. Acht heitere, sehr innig und teils in der Landessprache vorgetragene Volkslieder aus Russland, Bulgarien, Serbien, Dalmatien und Kroatien folgten. Auch die beiden Solisten durften noch einmal ran. Beide sangen nicht nur, sondern spielten, ja (be)lebten ihre \u201eRollen\u201c mit pr\u00e4gnanter Mimik, grandioser Gestik und szenischem Witz. Vor allem und besonders deutlich bei ihrem k\u00f6stlichen Duett Kecal (R\u00f6hlig)\/Hans (Alexander) aus Smetanas Oper \u201eDie verkaufte Braut\u201c. Aber auch in Jay Alexanders Arie des Hans aus derselben Oper oder seiner Arie des Barinkay aus der Strauss-Operette \u201eDer Zigeunerbaron\u201c. Hier begab sich der smarte Tenor \u201eAls flotter Geist\u201c ins Publikum und animiert dieses zum Mitsingen des Refrains, w\u00e4hrend R\u00f6hlig kurz darauf im Zigeunerbaron-Lied des Zsupan mit tiefem Brummbass und rustikaler K\u00f6rpersprache bekannte: \u201eJa, das Schreiben und das Lesen sind nie mein Fach gewesen. Mein Lebenszweck ist Borstenvieh und Schweinespeck.\u201c Fast h\u00e4tte man es ihm geglaubt \u2026<br \/>\n\u2013 Ralf Joachim Kraft<\/p>\n<p><img fetchpriority=\"high\" decoding=\"async\" class=\"alignleft size-large wp-image-2108\" src=\"http:\/\/www.gv-liederkranz-oetigheim.de\/wp-content\/uploads\/2018\/05\/Sonne-und-Mond-2-1024x514.jpg\" sizes=\"(max-width: 640px) 100vw, 640px\" srcset=\"http:\/\/www.gv-liederkranz-oetigheim.de\/wp-content\/uploads\/2018\/05\/Sonne-und-Mond-2-1024x514.jpg 1024w, http:\/\/www.gv-liederkranz-oetigheim.de\/wp-content\/uploads\/2018\/05\/Sonne-und-Mond-2-300x151.jpg 300w, http:\/\/www.gv-liederkranz-oetigheim.de\/wp-content\/uploads\/2018\/05\/Sonne-und-Mond-2-768x386.jpg 768w, http:\/\/www.gv-liederkranz-oetigheim.de\/wp-content\/uploads\/2018\/05\/Sonne-und-Mond-2.jpg 1280w\" alt=\"\" width=\"640\" height=\"321\" \/><\/p>\n","protected":false},"excerpt":{"rendered":"<p>Dass sich zwei M\u00e4nnerch\u00f6re mit rund 50 S\u00e4ngern auf einer B\u00fchne zu einem \u201em\u00e4chtigen Klangk\u00f6rper\u201c vereinen, hat heutzutage schon einen gewissen Seltenheitswert und bedarf meist eines besonderen Anlasses. Der Anlass f\u00fcr das gelungene und abwechslungsreiche Chorkonzert, das am Samstagabend auf Einladung des Gesangvereins Liederkranz \u00d6tigheim 1899 in der voll besetzten Mehrzweckhalle die Menschen begeisterte, war [&hellip;]<\/p>\n","protected":false},"author":3,"featured_media":0,"parent":2028,"menu_order":5,"comment_status":"closed","ping_status":"closed","template":"","meta":{"footnotes":""},"class_list":["post-2111","page","type-page","status-publish","hentry","post"],"_links":{"self":[{"href":"http:\/\/www.gv-liederkranz-oetigheim.de\/index.php?rest_route=\/wp\/v2\/pages\/2111","targetHints":{"allow":["GET"]}}],"collection":[{"href":"http:\/\/www.gv-liederkranz-oetigheim.de\/index.php?rest_route=\/wp\/v2\/pages"}],"about":[{"href":"http:\/\/www.gv-liederkranz-oetigheim.de\/index.php?rest_route=\/wp\/v2\/types\/page"}],"author":[{"embeddable":true,"href":"http:\/\/www.gv-liederkranz-oetigheim.de\/index.php?rest_route=\/wp\/v2\/users\/3"}],"replies":[{"embeddable":true,"href":"http:\/\/www.gv-liederkranz-oetigheim.de\/index.php?rest_route=%2Fwp%2Fv2%2Fcomments&post=2111"}],"version-history":[{"count":0,"href":"http:\/\/www.gv-liederkranz-oetigheim.de\/index.php?rest_route=\/wp\/v2\/pages\/2111\/revisions"}],"up":[{"embeddable":true,"href":"http:\/\/www.gv-liederkranz-oetigheim.de\/index.php?rest_route=\/wp\/v2\/pages\/2028"}],"wp:attachment":[{"href":"http:\/\/www.gv-liederkranz-oetigheim.de\/index.php?rest_route=%2Fwp%2Fv2%2Fmedia&parent=2111"}],"curies":[{"name":"wp","href":"https:\/\/api.w.org\/{rel}","templated":true}]}}