{"id":2034,"date":"2018-01-15T13:15:47","date_gmt":"2018-01-15T11:15:47","guid":{"rendered":"http:\/\/www.gv-liederkranz-oetigheim.de\/?page_id=2034"},"modified":"2018-01-15T13:15:47","modified_gmt":"2018-01-15T11:15:47","slug":"weihnachtsfeier","status":"publish","type":"page","link":"http:\/\/www.gv-liederkranz-oetigheim.de\/?page_id=2034","title":{"rendered":"Weihnachtsfeier"},"content":{"rendered":"<p style=\"text-align: justify;\"><strong>Weihnachtsfeier mit Ehrungen beim Gesangverein Liederkranz \u00d6tigheim<br \/>\n<\/strong>Mit den \u201eWeihnachtsglocken\u201c er\u00f6ffnete der M\u00e4nnerchor des Gesangvereins Liederkranz unter der Leitung von Theo Wild, der den terminlich verhinderten Matthias Hammerschmitt vertrat, die Weihnachtsfeier und verbreitete mit diesem wundersch\u00f6nen Chorwerk von Hermann Sonnet bereits zu Beginn eine weihnachtliche Atmosph\u00e4re. \u201eBleiben sie in dieser Stimmung, lassen sie den Adventsstress hinter sich und genie\u00dfen den heutigen Abend im Kreise der Liederkranzfamilie\u201c, mit diesen Worten begr\u00fc\u00dfte der Pr\u00e4sidiumssprecher des Gesangvereins Liederkranz, Kurt Rastetter, die zahlreichen G\u00e4ste in der Mehrzweckhalle. In seiner Rede blickte er zuerst auf das vergangene Jahr zur\u00fcck und erw\u00e4hnte dabei einige Highlights, wie die Mitgestaltung der Ehrungsmatinee der S\u00e4ngergruppe Nord im Mittelbadischen S\u00e4ngerkreis, welche in \u00d6tigheim stattfand, und vom M\u00e4nnerchor unter der Leitung von Matthias Hammerschmitt gesanglich umrahmt wurde. Dabei stand erstmalig auch ein gemeinsamer Auftritt mit dem Frauenchor BelleAmie vom M\u00e4nnergesangverein \u00d6tigheim auf dem Programm. Der Seniorenchor wiederholte sein Konzert \u201eLieder f\u00fcr die Seele\u201c in Au am Rhein unter dem Dirigat von Theo Wild mit gro\u00dfem Erfolg, wirkte beim Adventskalender des Seniorenzentrums \u00d6tigheim mit und entf\u00fchrte die Heimbewohner auf eine musikalische Reise.<img fetchpriority=\"high\" decoding=\"async\" class=\"alignleft size-full wp-image-2019\" src=\"http:\/\/www.gv-liederkranz-oetigheim.de\/wp-content\/uploads\/2018\/01\/weihnachtsfeier.jpg\" alt=\"\" width=\"670\" height=\"502\" srcset=\"http:\/\/www.gv-liederkranz-oetigheim.de\/wp-content\/uploads\/2018\/01\/weihnachtsfeier.jpg 670w, http:\/\/www.gv-liederkranz-oetigheim.de\/wp-content\/uploads\/2018\/01\/weihnachtsfeier-300x225.jpg 300w\" sizes=\"(max-width: 670px) 100vw, 670px\" \/><br \/>\nF\u00fcr die junge Formation Good Vibrations stand das Jahr haupts\u00e4chlich im Zeichen der Vorbereitung auf ihr Konzert am 14. April 2018. Die Chorleiterin Mercedes Guerrero Arciniegas arbeitet in den Proben intensiv daran. Damit blickte Rastetter bereits auf das n\u00e4chste Jahr, denn auch der M\u00e4nnerchor steht vor gro\u00dfen Herausforderungen. Mit seinem Konzert am 12. Mai wird der Chor Kompositionen osteurop\u00e4ischer Komponisten zum Besten geben. Das Programm reicht von Anspruchsvollem \u00fcber Leidenschaftliches vom Balkan bis hin zur volkst\u00fcmlichen Musik. Au\u00dferdem wirkt die Formation bei der Wiederaufnahme des Schauspiels \u201eDer Name der Rose\u201c nach dem Roman von Umberto Eco im August als M\u00f6nchschor auf der gro\u00dfen Volksschauspielb\u00fchne bei f\u00fcnf Auff\u00fchrungen mit. Interessierte, die mitmachen m\u00f6chten, sind willkommen und d\u00fcrfen sich gerne an die Gesch\u00e4ftsstelle des Vereins wenden: G\u00fcnter K\u00f6lmel, Tel. 07222 24195.<br \/>\nDie Weihnachtsfeier wurde von den drei Chorformationen des Vereins sowie einem Gast-Ensemble des Forums Musicum aus Ettlingen gesanglich gestaltet. Das Pr\u00e4sidiumsmitglied Hans-Georg Wittmann zeichnete verdiente S\u00e4ngerinnen und S\u00e4nger vom Verein f\u00fcr ihre Verdienste aus und bedankte sich bei den drei Chorleitern des Vereins Mercedes Guerrero Arciniegas (Good Vibrations), Matthias Hammerschmitt (M\u00e4nnerchor) und Theo Wild (Seniorenchor) f\u00fcr ihre Arbeit mit den Ch\u00f6ren. Geehrt f\u00fcr 10 aktive Jahre wurden Betina Heitz, Iris Heuer, Elfriede Hils, Gudrun Hils, Judith Pohl und Barbara Speck, alles S\u00e4ngerinnen bei Good Vibrations. Rosemarie K\u00fchn und Anni Weidenbacher singen seit 25 Jahren im Seniorenchor und erhielten daf\u00fcr ihre Auszeichnungen. Da Hans-Georg Wittmann selbst 40 aktive Jahre vorweisen kann, erhielt er die Anerkennung vom Verein von Kurt Rastetter und B\u00fcrgermeister Frank Kiefer ehrte ihn f\u00fcr die Gemeinde. Einen besonderen Dank erhielt Sabine Marquardt vom Manager der Formation Good Vibrations Rainer Pohl f\u00fcr ihren mit Bravour bestandenen Vizedirigentenlehrgang des Mittelbadischen S\u00e4ngerkreises. Zum Abschluss der Weihnachtsfeier bot das Theaterensemble des Mandolinen- und Gitarrenorchesters mit der spannenden Kriminalkom\u00f6die \u201eBankraub mit Rollator\u201c beste Unterhaltung.<img decoding=\"async\" class=\"alignleft size-full wp-image-2020\" src=\"http:\/\/www.gv-liederkranz-oetigheim.de\/wp-content\/uploads\/2018\/01\/weihnachtsfeier2.jpg\" alt=\"\" width=\"670\" height=\"502\" srcset=\"http:\/\/www.gv-liederkranz-oetigheim.de\/wp-content\/uploads\/2018\/01\/weihnachtsfeier2.jpg 670w, http:\/\/www.gv-liederkranz-oetigheim.de\/wp-content\/uploads\/2018\/01\/weihnachtsfeier2-300x225.jpg 300w\" sizes=\"(max-width: 670px) 100vw, 670px\" \/><br \/>\nEhrungen beim Gesangverein Liederkranz (v.l.): Roland Fechner, Hans-Georg Wittmann, Anni Weidenbacher, Rosemarie K\u00fchn, Barbara Speck, Judith Pohl, Gudrun Hils, Elfriede Hils, Iris Heuer, Betina Heitz, BM Frank Kiefer<\/p>\n","protected":false},"excerpt":{"rendered":"<p>Weihnachtsfeier mit Ehrungen beim Gesangverein Liederkranz \u00d6tigheim Mit den \u201eWeihnachtsglocken\u201c er\u00f6ffnete der M\u00e4nnerchor des Gesangvereins Liederkranz unter der Leitung von Theo Wild, der den terminlich verhinderten Matthias Hammerschmitt vertrat, die Weihnachtsfeier und verbreitete mit diesem wundersch\u00f6nen Chorwerk von Hermann Sonnet bereits zu Beginn eine weihnachtliche Atmosph\u00e4re. \u201eBleiben sie in dieser Stimmung, lassen sie den Adventsstress [&hellip;]<\/p>\n","protected":false},"author":3,"featured_media":0,"parent":1746,"menu_order":10,"comment_status":"closed","ping_status":"closed","template":"","meta":{"footnotes":""},"class_list":["post-2034","page","type-page","status-publish","hentry","post"],"_links":{"self":[{"href":"http:\/\/www.gv-liederkranz-oetigheim.de\/index.php?rest_route=\/wp\/v2\/pages\/2034","targetHints":{"allow":["GET"]}}],"collection":[{"href":"http:\/\/www.gv-liederkranz-oetigheim.de\/index.php?rest_route=\/wp\/v2\/pages"}],"about":[{"href":"http:\/\/www.gv-liederkranz-oetigheim.de\/index.php?rest_route=\/wp\/v2\/types\/page"}],"author":[{"embeddable":true,"href":"http:\/\/www.gv-liederkranz-oetigheim.de\/index.php?rest_route=\/wp\/v2\/users\/3"}],"replies":[{"embeddable":true,"href":"http:\/\/www.gv-liederkranz-oetigheim.de\/index.php?rest_route=%2Fwp%2Fv2%2Fcomments&post=2034"}],"version-history":[{"count":0,"href":"http:\/\/www.gv-liederkranz-oetigheim.de\/index.php?rest_route=\/wp\/v2\/pages\/2034\/revisions"}],"up":[{"embeddable":true,"href":"http:\/\/www.gv-liederkranz-oetigheim.de\/index.php?rest_route=\/wp\/v2\/pages\/1746"}],"wp:attachment":[{"href":"http:\/\/www.gv-liederkranz-oetigheim.de\/index.php?rest_route=%2Fwp%2Fv2%2Fmedia&parent=2034"}],"curies":[{"name":"wp","href":"https:\/\/api.w.org\/{rel}","templated":true}]}}