{"id":1864,"date":"2017-03-03T15:52:40","date_gmt":"2017-03-03T13:52:40","guid":{"rendered":"http:\/\/www.gv-liederkranz-oetigheim.de\/?page_id=1864"},"modified":"2017-03-03T16:57:53","modified_gmt":"2017-03-03T14:57:53","slug":"weihnachtsfeier-am-20-12-2015","status":"publish","type":"page","link":"http:\/\/www.gv-liederkranz-oetigheim.de\/?page_id=1864","title":{"rendered":"Weihnachtsfeier am 20.12.2015"},"content":{"rendered":"<p>Liederkranz feierte Weihnachten<br \/>\n<img fetchpriority=\"high\" decoding=\"async\" class=\"aligncenter size-large wp-image-1865\" src=\"http:\/\/www.gv-liederkranz-oetigheim.de\/wp-content\/uploads\/2017\/03\/IMG_3956-2-1024x683.jpg\" alt=\"\" width=\"640\" height=\"427\" srcset=\"http:\/\/www.gv-liederkranz-oetigheim.de\/wp-content\/uploads\/2017\/03\/IMG_3956-2-1024x683.jpg 1024w, http:\/\/www.gv-liederkranz-oetigheim.de\/wp-content\/uploads\/2017\/03\/IMG_3956-2-300x200.jpg 300w, http:\/\/www.gv-liederkranz-oetigheim.de\/wp-content\/uploads\/2017\/03\/IMG_3956-2-768x512.jpg 768w, http:\/\/www.gv-liederkranz-oetigheim.de\/wp-content\/uploads\/2017\/03\/IMG_3956-2.jpg 1512w\" sizes=\"(max-width: 640px) 100vw, 640px\" \/><\/p>\n<p style=\"text-align: justify;\">Der GV Liederkranz konnte bei seiner Weihnachtsfeier am Sonntag, 20. Dezember in der weihnachtlich geschm\u00fcckten Mehrzweckhalle nur Positives f\u00fcr das Jahr 2015 berichten, fand man doch f\u00fcr den M\u00e4nnerchor sowie f\u00fcr den jungen Chor \u201eGood Vibrations\u201c in Matthias Hammerschmitt und Mercedes Guerrero Arciniegas zwei neue Chorleiter, mit denen man nun vertrauensvoll in die Zukunft schaut. So zeigte der M\u00e4nnerchor, unterbrochen durch die Begr\u00fc\u00dfung der Anwesenden und dem Totengedenken durch das Pr\u00e4sidiumsmitglied Kurt Rastetter, seine neue Qualit\u00e4t mit den stimmungsvollen Liedern \u201eFreut euch, ihr lieben Christen\u201c, \u201eDown in Bethlehem\u201c, \u201eChristmas Night\u201c sowie dem Weihnachtslied \u201eO du gnadenreiche Zeit!\u201c von Hermann Ophoven.<br \/>\nBevor Good Vibrations seine vereinsinterne Premiere unter der neuen Leitung gab, konnte der Verein insgesamt 5 Aktive f\u00fcr langj\u00e4hrige Mitgliedschaft ehren. F\u00fcr lange 65 Jahre durften geehrt werden Otto Krebs, Wilhelm Tell Str. 19 und Werner Nold, Rheinstr. 2. Unsere S\u00e4ngerin Anni Kostka, Nelkenstr. 10 ist seit 10 Jahren aktiv im Seniorenchor, Gerhard Kraft aus Rastatt und Christoph Dettling, Bahnhofstr. singen ebenfalls seit 10 Jahren beim M\u00e4nnerchor, bzw. bei Good Vibrations. Herzlichen Dank unseren Jubilaren f\u00fcr die langj\u00e4hrige Treue.<br \/>\nGood Vibrations zeigte im Anschluss daran im a capella-Gesang die neue Handschrift von Frau M. Guerrero. Insgesamt 7 Songs brachte die Formation zu Geh\u00f6r. Mit \u201eFreedom is Coming\u201c, \u201eDaydream Lullaby\u201d, \u201eAll Night, all Day\u201c, \u201eGo, tell it on the Mountain\u201c und \u201eNight of Silence\u201d, begleitet von Theo Wild am Piano, konnte der Chor im ersten Teil seines Auftrittes \u00fcberzeugen.<br \/>\nDanach durfte Moderator Kurt Rastetter allen Dirigenten und deren PartnerInnen sowie allen Mitwirkenden dieser Weihnachtsfeier danken und Pr\u00e4sente \u00fcberreichen. Den gr\u00f6\u00dften Dank erhielt jedoch \u2013 f\u00fcr ihn \u00fcberraschend \u2013 das Pr\u00e4sidiumsmitglied G\u00fcnter K\u00f6lmel f\u00fcr die Einf\u00fchrung und nun schon fast 25 Jahre federf\u00fchrende Redaktion unseres Jahrbuchs, das f\u00fcr viele ein liebgewonnenes \u201eNachschlagewerk\u201c ist. Good Vibration beschloss die Dankesworte mit dem Gospel \u201eWade in the Water\u201e und dem afrikanischen Traditional \u201eNeno\u201c.<br \/>\nDanach wusste der Seniorenchor blendend zu unterhalten. Mit einem Medley von Weihnachtsweisen, \u201eDu machst mir Mut\u201c, einem \u201eSeemanns-Medley\u201c, dem allseits bekannten \u201eAber Dich gibt\u2019s nur einmal f\u00fcr mich\u201c und dem Drafi Deutscher-Hit \u201eMarmor, Stein und Eisen bricht\u201c lud Theo Wild mit seinem Seniorenchor die anwesenden G\u00e4ste zum Mitsingen ein.<br \/>\nBevor dann die Akteure der MGO-Theatergruppe die B\u00fchne betraten und mit ihrem Lustspiel \u201eRom ist auch nicht alles\u201c vielen im Saal die Lachtr\u00e4nen in die Augen trieben, konnte der Liederkranz mit einer reichhaltigen Tombola die Gewinnerherzen h\u00f6herschlagen lassen.<\/p>\n<p><img decoding=\"async\" class=\"aligncenter size-large wp-image-1866\" src=\"http:\/\/www.gv-liederkranz-oetigheim.de\/wp-content\/uploads\/2017\/03\/Gemeindeanzeiger-52.53-2015_Weihnachtsfeier-1024x765.jpeg\" alt=\"\" width=\"640\" height=\"478\" srcset=\"http:\/\/www.gv-liederkranz-oetigheim.de\/wp-content\/uploads\/2017\/03\/Gemeindeanzeiger-52.53-2015_Weihnachtsfeier-1024x765.jpeg 1024w, http:\/\/www.gv-liederkranz-oetigheim.de\/wp-content\/uploads\/2017\/03\/Gemeindeanzeiger-52.53-2015_Weihnachtsfeier-300x224.jpeg 300w, http:\/\/www.gv-liederkranz-oetigheim.de\/wp-content\/uploads\/2017\/03\/Gemeindeanzeiger-52.53-2015_Weihnachtsfeier-768x573.jpeg 768w, http:\/\/www.gv-liederkranz-oetigheim.de\/wp-content\/uploads\/2017\/03\/Gemeindeanzeiger-52.53-2015_Weihnachtsfeier.jpeg 1512w\" sizes=\"(max-width: 640px) 100vw, 640px\" \/><\/p>\n<p style=\"text-align: justify;\">Herzlichen Dank an dieser Stelle allen, die den Verein durch ihre Tombolaspende unterst\u00fctzten und nat\u00fcrlich ein gro\u00dfes Dankesch\u00f6n unseren flei\u00dfigen Helferinnen und Helfern, ohne die keine Feier m\u00f6glich w\u00e4re. Ein besonderer Dank gilt unseren Dekorateurinnen Teresa Bach, Fichtenstr. 4 und Maria Nunn aus Kuppenheim.<\/p>\n","protected":false},"excerpt":{"rendered":"<p>Liederkranz feierte Weihnachten Der GV Liederkranz konnte bei seiner Weihnachtsfeier am Sonntag, 20. Dezember in der weihnachtlich geschm\u00fcckten Mehrzweckhalle nur Positives f\u00fcr das Jahr 2015 berichten, fand man doch f\u00fcr den M\u00e4nnerchor sowie f\u00fcr den jungen Chor \u201eGood Vibrations\u201c in Matthias Hammerschmitt und Mercedes Guerrero Arciniegas zwei neue Chorleiter, mit denen man nun vertrauensvoll in [&hellip;]<\/p>\n","protected":false},"author":3,"featured_media":0,"parent":1388,"menu_order":13,"comment_status":"closed","ping_status":"closed","template":"onecolumn-page.php","meta":{"footnotes":""},"class_list":["post-1864","page","type-page","status-publish","hentry","post"],"_links":{"self":[{"href":"http:\/\/www.gv-liederkranz-oetigheim.de\/index.php?rest_route=\/wp\/v2\/pages\/1864","targetHints":{"allow":["GET"]}}],"collection":[{"href":"http:\/\/www.gv-liederkranz-oetigheim.de\/index.php?rest_route=\/wp\/v2\/pages"}],"about":[{"href":"http:\/\/www.gv-liederkranz-oetigheim.de\/index.php?rest_route=\/wp\/v2\/types\/page"}],"author":[{"embeddable":true,"href":"http:\/\/www.gv-liederkranz-oetigheim.de\/index.php?rest_route=\/wp\/v2\/users\/3"}],"replies":[{"embeddable":true,"href":"http:\/\/www.gv-liederkranz-oetigheim.de\/index.php?rest_route=%2Fwp%2Fv2%2Fcomments&post=1864"}],"version-history":[{"count":0,"href":"http:\/\/www.gv-liederkranz-oetigheim.de\/index.php?rest_route=\/wp\/v2\/pages\/1864\/revisions"}],"up":[{"embeddable":true,"href":"http:\/\/www.gv-liederkranz-oetigheim.de\/index.php?rest_route=\/wp\/v2\/pages\/1388"}],"wp:attachment":[{"href":"http:\/\/www.gv-liederkranz-oetigheim.de\/index.php?rest_route=%2Fwp%2Fv2%2Fmedia&parent=1864"}],"curies":[{"name":"wp","href":"https:\/\/api.w.org\/{rel}","templated":true}]}}