{"id":1746,"date":"2016-12-21T14:36:34","date_gmt":"2016-12-21T12:36:34","guid":{"rendered":"http:\/\/www.gv-liederkranz-oetigheim.de\/?page_id=1746"},"modified":"2019-09-24T12:16:25","modified_gmt":"2019-09-24T10:16:25","slug":"terminplan-2017","status":"publish","type":"page","link":"http:\/\/www.gv-liederkranz-oetigheim.de\/?page_id=1746","title":{"rendered":"Termine 2017"},"content":{"rendered":"\n<table class=\"wp-block-table\"><tbody><tr><td>Fr.<\/td><td>24.03.<\/td><td>19:30<\/td><td><a href=\"http:\/\/www.gv-liederkranz-oetigheim.de\/?page_id=1913\">Jahreshauptversammlung GV Liederkranz im Gasthaus &#8222;Krone&#8220;<\/a><\/td><\/tr><tr><td>Do.<\/td><td>13.04.<\/td><td>14:30<\/td><td><a href=\"http:\/\/www.gv-liederkranz-oetigheim.de\/?page_id=1922\">Liederkranz-Senioren &#8211; Fischessen im Zollhaus in Au a. R.<\/a><\/td><\/tr><tr><td>Sa.<\/td><td>13.05.<\/td><td>19:30<\/td><td><a href=\"http:\/\/www.gv-liederkranz-oetigheim.de\/?page_id=1941\">M\u00e4nnerchor &#8211; Fr\u00fchlingsfest des GV Freundschaft Busenbach<\/a><\/td><\/tr><tr><td>So.<\/td><td>21.05.<\/td><td>11:15<\/td><td><a href=\"http:\/\/www.gv-liederkranz-oetigheim.de\/?page_id=1951\">M\u00e4nnerchor &#8211; Pfarrfest \u00d6tigheim<\/a><\/td><\/tr><tr><td>Sa.<\/td><td>19.08.<\/td><td>14:00<\/td><td><a href=\"http:\/\/www.gv-liederkranz-oetigheim.de\/?page_id=1970\">Kinderferienprogramm<\/a><\/td><\/tr><tr><td>Sa.\/So.<\/td><td>02.\/03.09.<\/td><td>&nbsp;<\/td><td><a href=\"http:\/\/www.gv-liederkranz-oetigheim.de\/?page_id=1982\">Dorffest<\/a><\/td><\/tr><tr><td>So.<\/td><td>10.09.<\/td><td>&nbsp;<\/td><td><a href=\"http:\/\/www.gv-liederkranz-oetigheim.de\/?page_id=1991\">Seniorenchor beim Arbeitergesangverein &#8222;Harmonie&#8220; in Muggensturm<\/a><\/td><\/tr><tr><td>Do<\/td><td>12.10<\/td><td>6:30<\/td><td><a href=\"http:\/\/www.gv-liederkranz-oetigheim.de\/?page_id=2007\">Liederkranz-Senioren \u201eon Tour\u201c<\/a><\/td><\/tr><tr><td>So.<\/td><td>22.10.<\/td><td>09:30<\/td><td><a href=\"http:\/\/www.gv-liederkranz-oetigheim.de\/?page_id=2005\">M\u00e4nnerchor &#8211; Zentrale Ehrungsveranstaltung MSK-S\u00e4ngergruppe Nord in \u00d6tigheim<\/a><\/td><\/tr><tr><td>So.<\/td><td>17.12.<\/td><td>18:00<\/td><td><a href=\"http:\/\/www.gv-liederkranz-oetigheim.de\/?page_id=2034\">Weihnachtsfeier in der MZH \u00d6tigheim<\/a><\/td><\/tr><\/tbody><\/table>\n","protected":false},"excerpt":{"rendered":"<p>Fr. 24.03. 19:30 Jahreshauptversammlung GV Liederkranz im Gasthaus &#8222;Krone&#8220; Do. 13.04. 14:30 Liederkranz-Senioren &#8211; Fischessen im Zollhaus in Au a. R. Sa. 13.05. 19:30 M\u00e4nnerchor &#8211; Fr\u00fchlingsfest des GV Freundschaft Busenbach So. 21.05. 11:15 M\u00e4nnerchor &#8211; Pfarrfest \u00d6tigheim Sa. 19.08. 14:00 Kinderferienprogramm Sa.\/So. 02.\/03.09. &nbsp; Dorffest So. 10.09. &nbsp; Seniorenchor beim Arbeitergesangverein &#8222;Harmonie&#8220; in Muggensturm [&hellip;]<\/p>\n","protected":false},"author":3,"featured_media":0,"parent":760,"menu_order":2,"comment_status":"closed","ping_status":"closed","template":"","meta":{"footnotes":""},"class_list":["post-1746","page","type-page","status-publish","hentry","post"],"_links":{"self":[{"href":"http:\/\/www.gv-liederkranz-oetigheim.de\/index.php?rest_route=\/wp\/v2\/pages\/1746","targetHints":{"allow":["GET"]}}],"collection":[{"href":"http:\/\/www.gv-liederkranz-oetigheim.de\/index.php?rest_route=\/wp\/v2\/pages"}],"about":[{"href":"http:\/\/www.gv-liederkranz-oetigheim.de\/index.php?rest_route=\/wp\/v2\/types\/page"}],"author":[{"embeddable":true,"href":"http:\/\/www.gv-liederkranz-oetigheim.de\/index.php?rest_route=\/wp\/v2\/users\/3"}],"replies":[{"embeddable":true,"href":"http:\/\/www.gv-liederkranz-oetigheim.de\/index.php?rest_route=%2Fwp%2Fv2%2Fcomments&post=1746"}],"version-history":[{"count":0,"href":"http:\/\/www.gv-liederkranz-oetigheim.de\/index.php?rest_route=\/wp\/v2\/pages\/1746\/revisions"}],"up":[{"embeddable":true,"href":"http:\/\/www.gv-liederkranz-oetigheim.de\/index.php?rest_route=\/wp\/v2\/pages\/760"}],"wp:attachment":[{"href":"http:\/\/www.gv-liederkranz-oetigheim.de\/index.php?rest_route=%2Fwp%2Fv2%2Fmedia&parent=1746"}],"curies":[{"name":"wp","href":"https:\/\/api.w.org\/{rel}","templated":true}]}}