{"id":1656,"date":"2016-02-10T15:04:04","date_gmt":"2016-02-10T13:04:04","guid":{"rendered":"http:\/\/www.gv-liederkranz-oetigheim.de\/?page_id=1656"},"modified":"2020-01-03T14:06:47","modified_gmt":"2020-01-03T12:06:47","slug":"chorleiter-seniorenchor","status":"publish","type":"page","link":"http:\/\/www.gv-liederkranz-oetigheim.de\/?page_id=1656","title":{"rendered":"Chorleiter Seniorenchor"},"content":{"rendered":"\t\t<div data-elementor-type=\"wp-post\" data-elementor-id=\"1656\" class=\"elementor elementor-1656\">\n\t\t\t\t\t\t<section class=\"elementor-section elementor-top-section elementor-element elementor-element-1eb239d6 elementor-section-boxed elementor-section-height-default elementor-section-height-default\" data-id=\"1eb239d6\" data-element_type=\"section\">\n\t\t\t\t\t\t<div class=\"elementor-container elementor-column-gap-default\">\n\t\t\t\t\t<div class=\"elementor-column elementor-col-100 elementor-top-column elementor-element elementor-element-3565dd72\" data-id=\"3565dd72\" data-element_type=\"column\" data-settings=\"{&quot;background_background&quot;:&quot;classic&quot;}\">\n\t\t\t<div class=\"elementor-widget-wrap elementor-element-populated\">\n\t\t\t\t\t<div class=\"elementor-background-overlay\"><\/div>\n\t\t\t\t\t\t<div class=\"elementor-element elementor-element-18ba0bcc elementor-widget elementor-widget-text-editor\" data-id=\"18ba0bcc\" data-element_type=\"widget\" data-widget_type=\"text-editor.default\">\n\t\t\t\t<div class=\"elementor-widget-container\">\n\t\t\t\t\t\t\t\t\t<div id=\"attachment_1658\" style=\"width: 270px\" class=\"wp-caption alignleft\"><img fetchpriority=\"high\" decoding=\"async\" aria-describedby=\"caption-attachment-1658\" class=\"wp-image-1658 size-medium\" src=\"http:\/\/www.gv-liederkranz-oetigheim.de\/wp-content\/uploads\/2016\/02\/Theo-Wild-260x300.jpg\" alt=\"Theo Wild\" width=\"260\" height=\"300\" srcset=\"http:\/\/www.gv-liederkranz-oetigheim.de\/wp-content\/uploads\/2016\/02\/Theo-Wild-260x300.jpg 260w, http:\/\/www.gv-liederkranz-oetigheim.de\/wp-content\/uploads\/2016\/02\/Theo-Wild-768x885.jpg 768w, http:\/\/www.gv-liederkranz-oetigheim.de\/wp-content\/uploads\/2016\/02\/Theo-Wild-889x1024.jpg 889w, http:\/\/www.gv-liederkranz-oetigheim.de\/wp-content\/uploads\/2016\/02\/Theo-Wild.jpg 1437w\" sizes=\"(max-width: 260px) 100vw, 260px\" \/><p id=\"caption-attachment-1658\" class=\"wp-caption-text\"><em><strong>Theo Wild &#8211; Chorleiter Seniorenchor<\/strong><\/em><\/p><\/div><h6>Der musikalische Lebenslauf von Theo Wild ist bis zum heutigen Tag ein Leben voller Musik. Bereits mit sechs Jahren begeisterte er sich am Klavierunterricht. Mit acht Jahren bekam er bereits seine erste Anstellung als Organist in einer Dorfkirche im Taubertal. Seine weitere musikalische Ausbildung erhielt er an der Musikschule in Offenburg und Freiburg.<br \/>Viele Jahre war er Pianist und Keyboarder der Topformation \u201eKingCats\u201c. Von 1983 bis 1992 war Theo Wild Dirigent, Arrangeur und Komponist des \u201eBadischen Chor Wintersdorf\u201c, einem Chor, der sich als Laienchor mit professionellem Leistungsverm\u00f6gen mit \u00fcber 100 Konzerten im In- und Ausland einen hervorragenden Namen machte. Ein besonderer H\u00f6hepunkt war die Rom-Reise im M\u00e4rz 1988 mit drei musikalischen Highlights im Petersdom. Neben der Gestaltung des sonnt\u00e4glichen Hauptgottesdienstes und einer Pilgermesse war f\u00fcr ihn das gr\u00f6\u00dfte Erlebnis die Begegnung mit Papst Johannes Paul II.<br \/>Von 1987 bis 2012 leitete er den Musikverein Illingen und war als Bezirksdirigent auch als Wertungs-richter im Blasmusikverband Mittelbaden t\u00e4tig. Weitere Stationen als Dirigent waren die Stadtkapelle Rastatt, das Blasorchester aus Bad Rotenfels und die Big Band der Musikschule Gaggenau.<br \/>Seit 2012 ist Theo Wild musikalischer Leiter und Arrangeur des Seniorenchors beim Gesangverein Liederkranz \u00d6tigheim.<\/h6>\t\t\t\t\t\t\t\t<\/div>\n\t\t\t\t<\/div>\n\t\t\t\t\t<\/div>\n\t\t<\/div>\n\t\t\t\t\t<\/div>\n\t\t<\/section>\n\t\t\t\t<\/div>\n\t\t","protected":false},"excerpt":{"rendered":"<p>Der musikalische Lebenslauf von Theo Wild ist bis zum heutigen Tag ein Leben voller Musik. Bereits mit sechs Jahren begeisterte er sich am Klavierunterricht. Mit acht Jahren bekam er bereits seine erste Anstellung als Organist in einer Dorfkirche im Taubertal. Seine weitere musikalische Ausbildung erhielt er an der Musikschule in Offenburg und Freiburg.Viele Jahre war [&hellip;]<\/p>\n","protected":false},"author":3,"featured_media":0,"parent":371,"menu_order":0,"comment_status":"closed","ping_status":"closed","template":"","meta":{"footnotes":""},"class_list":["post-1656","page","type-page","status-publish","hentry","post"],"_links":{"self":[{"href":"http:\/\/www.gv-liederkranz-oetigheim.de\/index.php?rest_route=\/wp\/v2\/pages\/1656","targetHints":{"allow":["GET"]}}],"collection":[{"href":"http:\/\/www.gv-liederkranz-oetigheim.de\/index.php?rest_route=\/wp\/v2\/pages"}],"about":[{"href":"http:\/\/www.gv-liederkranz-oetigheim.de\/index.php?rest_route=\/wp\/v2\/types\/page"}],"author":[{"embeddable":true,"href":"http:\/\/www.gv-liederkranz-oetigheim.de\/index.php?rest_route=\/wp\/v2\/users\/3"}],"replies":[{"embeddable":true,"href":"http:\/\/www.gv-liederkranz-oetigheim.de\/index.php?rest_route=%2Fwp%2Fv2%2Fcomments&post=1656"}],"version-history":[{"count":0,"href":"http:\/\/www.gv-liederkranz-oetigheim.de\/index.php?rest_route=\/wp\/v2\/pages\/1656\/revisions"}],"up":[{"embeddable":true,"href":"http:\/\/www.gv-liederkranz-oetigheim.de\/index.php?rest_route=\/wp\/v2\/pages\/371"}],"wp:attachment":[{"href":"http:\/\/www.gv-liederkranz-oetigheim.de\/index.php?rest_route=%2Fwp%2Fv2%2Fmedia&parent=1656"}],"curies":[{"name":"wp","href":"https:\/\/api.w.org\/{rel}","templated":true}]}}