{"id":1500,"date":"2016-01-22T11:32:25","date_gmt":"2016-01-22T09:32:25","guid":{"rendered":"http:\/\/www.gv-liederkranz-oetigheim.de\/?page_id=1500"},"modified":"2016-01-25T12:10:39","modified_gmt":"2016-01-25T10:10:39","slug":"einweihung-haus-edelberg","status":"publish","type":"page","link":"http:\/\/www.gv-liederkranz-oetigheim.de\/?page_id=1500","title":{"rendered":"Einweihung \u201eHaus Edelberg\u201c"},"content":{"rendered":"<p>Am Samstag, 28. Februar wurde das Mehrgenerationenzentrum \u201eHaus Edelberg\u201c in \u00d6tigheim mit einem Festakt er\u00f6ffnet. Auf Empfehlung unseres ehemaligen B\u00fcrgermeister Herrn Werner Happold wurde der Seniorenchor des GV Liederkranz von Herrn Andreas H\u00f6wner, Leiter des Seniorenzentrums, eingeladen, die musikalische Gestaltung zu \u00fcbernehmen. Diese Einladung haben wir gerne angenommen, geht doch mit der Einweihung des Hauses ein lang gehegter Wunsch der \u00d6tigheimer Bev\u00f6lkerung in Erf\u00fcllung.<\/p>\n<p><img fetchpriority=\"high\" decoding=\"async\" class=\"aligncenter wp-image-1512 size-full\" src=\"http:\/\/www.gv-liederkranz-oetigheim.de\/wp-content\/uploads\/2016\/01\/EdelberEinweihung.jpg\" alt=\"EdelberEinweihung\" width=\"1024\" height=\"576\" srcset=\"http:\/\/www.gv-liederkranz-oetigheim.de\/wp-content\/uploads\/2016\/01\/EdelberEinweihung.jpg 1024w, http:\/\/www.gv-liederkranz-oetigheim.de\/wp-content\/uploads\/2016\/01\/EdelberEinweihung-300x169.jpg 300w, http:\/\/www.gv-liederkranz-oetigheim.de\/wp-content\/uploads\/2016\/01\/EdelberEinweihung-768x432.jpg 768w\" sizes=\"(max-width: 1024px) 100vw, 1024px\" \/><\/p>\n<p>Mit dem weltbekannten Schlager \u201eAve Maria no morro\u201c er\u00f6ffneten wir diese Feier.<br \/>\nAndreas H\u00f6wner begr\u00fc\u00dfte anschlie\u00dfend die G\u00e4ste im vollbesetzten Festsaal bevor Gesch\u00e4ftsf\u00fchrer Michael Wipp vom Haus Edelberg die Festrede hielt.<br \/>\nEin \u201eUdo J\u00fcrgens\u201c-Medley, \u201e\u00dcber sieben Br\u00fccken musst Du geh\u2018n\u201c und zum Abschluss dieser Feierstunde \u201eWer hier mit uns will fr\u00f6hlich sein\u201c und \u201eFr\u00f6hliche Welt\u201c, waren weitere von Chorleiter Theo Wild arrangierten Chorvortr\u00e4ge bei den Gru\u00dfworten von B\u00fcrgermeister Frank Kiefer, Hartmut Raupp von der Fa. Hoepfner Bau Invest und Alois Becker vom Seniorenbeirat der Gemeinde.<\/p>\n","protected":false},"excerpt":{"rendered":"<p>Am Samstag, 28. Februar wurde das Mehrgenerationenzentrum \u201eHaus Edelberg\u201c in \u00d6tigheim mit einem Festakt er\u00f6ffnet. Auf Empfehlung unseres ehemaligen B\u00fcrgermeister Herrn Werner Happold wurde der Seniorenchor des GV Liederkranz von Herrn Andreas H\u00f6wner, Leiter des Seniorenzentrums, eingeladen, die musikalische Gestaltung zu \u00fcbernehmen. Diese Einladung haben wir gerne angenommen, geht doch mit der Einweihung des Hauses [&hellip;]<\/p>\n","protected":false},"author":3,"featured_media":0,"parent":999,"menu_order":0,"comment_status":"closed","ping_status":"closed","template":"onecolumn-page.php","meta":{"footnotes":""},"class_list":["post-1500","page","type-page","status-publish","hentry","post"],"_links":{"self":[{"href":"http:\/\/www.gv-liederkranz-oetigheim.de\/index.php?rest_route=\/wp\/v2\/pages\/1500","targetHints":{"allow":["GET"]}}],"collection":[{"href":"http:\/\/www.gv-liederkranz-oetigheim.de\/index.php?rest_route=\/wp\/v2\/pages"}],"about":[{"href":"http:\/\/www.gv-liederkranz-oetigheim.de\/index.php?rest_route=\/wp\/v2\/types\/page"}],"author":[{"embeddable":true,"href":"http:\/\/www.gv-liederkranz-oetigheim.de\/index.php?rest_route=\/wp\/v2\/users\/3"}],"replies":[{"embeddable":true,"href":"http:\/\/www.gv-liederkranz-oetigheim.de\/index.php?rest_route=%2Fwp%2Fv2%2Fcomments&post=1500"}],"version-history":[{"count":0,"href":"http:\/\/www.gv-liederkranz-oetigheim.de\/index.php?rest_route=\/wp\/v2\/pages\/1500\/revisions"}],"up":[{"embeddable":true,"href":"http:\/\/www.gv-liederkranz-oetigheim.de\/index.php?rest_route=\/wp\/v2\/pages\/999"}],"wp:attachment":[{"href":"http:\/\/www.gv-liederkranz-oetigheim.de\/index.php?rest_route=%2Fwp%2Fv2%2Fmedia&parent=1500"}],"curies":[{"name":"wp","href":"https:\/\/api.w.org\/{rel}","templated":true}]}}